301
In base 15, what is -7 + -1aba?
-1ac2
In base 13, what is -1339 - -6?
-1333
In base 2, what is -100100101001 - 1?
-100100101010
In base 11, what is -11 - 6?
-17
In base 10, what is 2243 + 6?
2249
In base 11, what is -13 - -17a?
167
In base 4, what is 3 - 220?
-211
In base 4, what is -2023 - -31?
-1332
In base 16, what is 1eb + 4?
1ef
In base 11, what is 13 + -2a?
-17
In base 9, what is 1037 - 1?
1036
In base 7, what is 352 - -4?
356
In base 6, what is -115 + 42?
-33
In base 9, what is 31 - 6?
24
In base 6, what is -21 - -5?
-12
In base 14, what is 1 + 247?
248
In base 5, what is 21 + 12?
33
In base 14, what is 2 + 133?
135
In base 11, what is 8006 + -4?
8002
In base 7, what is -2153 - -1?
-2152
In base 12, what is -1040 + -3?
-1043
In base 11, what is 146 - -4?
14a
In base 10, what is 473 + -5?
468
In base 11, what is -4671a + 0?
-4671a
In base 5, what is 202 - 13?
134
In base 2, what is 100 - -1010000?
1010100
In base 14, what is 652 - -4?
656
In base 13, what is 1 + 2102?
2103
In base 12, what is 112 + -3?
10b
In base 8, what is 25 + 220?
245
In base 15, what is 1 + 69d?
69e
In base 15, what is 16 + -b?
a
In base 11, what is -43 - 0?
-43
In base 16, what is -2 - -5ca?
5c8
In base 15, what is -162 + -4?
-166
In base 5, what is 4 - 20?
-11
In base 4, what is 210 + -302?
-32
In base 16, what is 1 - b2?
-b1
In base 14, what is 12c + -5?
127
In base 3, what is -1 - 1011?
-1012
In base 5, what is -12 - 13?
-30
In base 7, what is 1361 - -5?
1366
In base 11, what is -729 - 5?
-733
In base 16, what is 735 + 2?
737
In base 14, what is 1dd5 - -4?
1dd9
In base 10, what is 0 - -257?
257
In base 6, what is 334205 - 0?
334205
In base 9, what is -1711 + 5?
-1705
In base 15, what is -5 + -38?
-3d
In base 15, what is 4 - -298?
29c
In base 5, what is 44003 + 3?
44011
In base 14, what is -6 + -cd?
-d5
In base 8, what is -22 - -470?
446
In base 10, what is -12 - -30?
18
In base 3, what is -21 - -222?
201
In base 2, what is -1 + 100111?
100110
In base 7, what is 5 + 36?
44
In base 10, what is 2297 - -4?
2301
In base 8, what is 2 + -370?
-366
In base 4, what is 3 + -210?
-201
In base 8, what is 120 - 4?
114
In base 5, what is -1 + 4320?
4314
In base 12, what is 8 + 2?
a
In base 7, what is 42 + 105?
150
In base 15, what is 5 + -25?
-20
In base 2, what is -110 + 100000000000?
11111111010
In base 8, what is 50 + 4?
54
In base 14, what is 3 - 15?
-12
In base 13, what is -2 + -2b8?
-2ba
In base 4, what is 0 - 1020?
-1020
In base 14, what is 0 + b?
b
In base 3, what is -101010 + -11?
-101021
In base 13, what is -8 + 13?
8
In base 12, what is -2a2 + -2?
-2a4
In base 10, what is 0 + -3527?
-3527
In base 14, what is -17c + -5?
-183
In base 10, what is -455 + 8?
-447
In base 5, what is -3 + -333?
-341
In base 9, what is -1 - -1633?
1632
In base 14, what is 2 - -2b?
2d
In base 8, what is 0 + -25?
-25
In base 13, what is 5 + -5?
0
In base 9, what is -1703 + 3?
-1700
In base 13, what is -5 - 26?
-2b
In base 11, what is 5 + -142?
-138
In base 4, what is -10023 + -30?
-10113
In base 11, what is -19023 + 1?
-19022
In base 2, what is -101 - -1001110001011?
1001110000110
In base 4, what is -223021 + 3?
-223012
In base 8, what is 1 + -1537?
-1536
In base 5, what is 222 - 0?
222
In base 16, what is 1 + 3b0?
3b1
In base 12, what is 5 - -221?
226
In base 4, what is -20303 + -10?
-20313
In base 7, what is -24 + 1253?
1226
In base 11, what is -153 - 2?
-155
In base 5, what is 342 + -20?
322
In base 14, what is 6 + 10?
16
In base 13, what is 169 - 5?
164
In base 9, what is 286 + -5?
281
In base 8, what is -455 - -5?
-450
In base 4, what is 2303 + -11?
2232
In base 2, what is -110 + -10110?
-11100
In base 12, what is -3 + 16?
13
In base 7, what is 0 - 52?
-52
In base 7, what is 2452 - 0?
2452
In base 8, what is 0 - 41?
-41
In base 16, what is -2 - 25?
-27
In base 10, what is 827 - -5?
832
In base 5, what is 3 + 301?
304
In base 15, what is -a0 - -2?
-9d
In base 3, what is 11 + 100220?
101001
In base 3, what is 0 + -1120010?
-1120010
In base 4, what is 21 - 21?
0
In base 15, what is ee1 + -1?
ee0
In base 7, what is -1322 - 5?
-1330
In base 5, what is 40 - -4310?
4400
In base 10, what is 1 - -769?
770
In base 12, what is 2 + 114?
116
In base 7, what is 3342 + 5?
3350
In base 13, what is 16c + -21?
14b
In base 10, what is 8 - 1?
7
In base 7, what is 12 - 16?
-4
In base 15, what is -1 - 28d?
-28e
In base 15, what is -1 - 24?
-25
In base 6, what is -1454 - -1?
-1453
In base 14, what is 2 + a65?
a67
In base 2, what is 111111000 + -11?
111110101
In base 3, what is -220 + 22?
-121
In base 15, what is 2 - -6d?
70
In base 12, what is 5 + 54?
59
In base 16, what is -45 - 3?
-48
In base 16, what is 3d2f + -2?
3d2d
In base 2, what is -1011010100011001 - 1?
-1011010100011010
In base 6, what is -3 + -1125?
-1132
In base 7, what is 1 + -231?
-230
In base 5, what is -141 - -4?
-132
In base 15, what is -58 - 72?
-ca
In base 2, what is -10101 - -1011010?
1000101
In base 15, what is 10e6 - 0?
10e6
In base 2, what is 100 + -110?
-10
In base 6, what is 324 - 3?
321
In base 8, what is 17 - 156?
-137
In base 10, what is 2 - 2674?
-2672
In base 11, what is 29 - 155?
-127
In base 4, what is 1 - 1?
0
In base 12, what is -90b - 2?
-911
In base 3, what is 10 + 102011?
102021
In base 11, what is 18 - -205?
222
In base 15, what is 2 - 63?
-61
In base 11, what is 350 + 1?
351
In base 12, what is 3 - -3167?
316a
In base 5, what is -10 + -1404?
-1414
In base 14, what is -1 - 142?
-143
In base 16, what is -ce3 + -1?
-ce4
In base 3, what is -12 - -220?
201
In base 16, what is -10 - -d?
-3
In base 10, what is 332 - 0?
332
In base 5, what is 2 - 12?
-10
In base 12, what is 27 - -aa?
115
In base 9, what is 5 + 1727?
1733
In base 11, what is -6 + 1036?
1030
In base 15, what is 1e8 - 6?
1e2
In base 8, what is -4 - -57?
53
In base 4, what is -2 - -32112?
32110
In base 8, what is 7 + 10?
17
In base 7, what is 10 - -1244?
1254
In base 16, what is -47 + -5d?
-a4
In base 7, what is -4 + 1255?
1251
In base 3, what is 222120 - 1102?
221011
In base 7, what is 3 + 40?
43
In base 6, what is -13 + 1535?
1522
In base 10, what is -1 + 170?
169
In base 15, what is -128 + 4?
-124
In base 9, what is -4 + -6884?
-6888
In base 5, what is -102010 + -4?
-102014
In base 12, what is -11 - 6bb?
-710
In base 16, what is -1 + c?
b
In base 14, what is 30 - -5?
35
In base 12, what is 118 + 1?
119
In base 6, what is -3 + -14335?
-14342
In base 11, what is -a8 + -10?
-108
In base 13, what is 153 + -7?
149
In base 8, what is 754 - 4?
750
In base 15, what is 4 + -163c?
-1638
In base 13, what is 1 - 86?
-85
In base 2, what is 10101111 - -101?
10110100
In base 5, what is 1413 - -12?
1430
In base 3, what is 12 - 1?
11
In base 14, what is 296 - -1b?
2b3
In base 15, what is -75 - 17?
-8c
In base 4, what is -2 - 2231?
-2233
In base 8, what is 37161 + 2?
37163
In base 2, what is -110 - -10?
-100
In base 6, what is -3 - 255?
-302
In base 2, what is 11011 - -1010010?
1101101
In base 6, what is 32 - 130?
-54
In base 11, what is 1 + 75?
76
In base 11, what is -9 - 36?
-44
In base 14, what is -33 + -1?
-34
In base 9, what is -1280 - 1?
-1281
In base 13, what is -8 - 16a?
-175
In base 2, what is -110010010 + -10?
-110010100
In base 2, what is -1001100001 - -1?
-1001100000
In base 3, what is 110 + -22100?
-21220
In base 12, what is -1023 + 0?
-1023
In base 6, what is -141 - 25?
-210
In base 3, what is 1 + 22?
100
In base 15, what is -723 - -1?
-722
In base 14, what is 7 - -51?
58
In base 15, what is -25 - 7?
-2c
In base 13, what is 4 + 490?
494
In base 7, what is 5431 + -1?
5430
In base 5, what is -22 - 1?
-23
In base 4, what is 3233 + -1?
3232
In base 12, what is -2 - -312a?
3128
In base 5, what is 121111 + 3?
121114
In base 4, what is -33 + 3100?
3001
In base 9, what is 1400 + -4?
1385
In base 6, what is -215 + -2?
-221
In base 16, what is c0 - -4?
c4
In base 11, what is -2951 - 0?
-2951
In base 11, what is -98 + -1?
-99
In base 7, what is 141 + -1?
140
In base 13, what is 207 + -29?
1ab
In base 5, what is 0 - -12032?
12032
In base 16, what is 145 + 2?
147
In base 8, what is 4 - 5446?
-5442
In base 16, what is 3 + -27?
-24
In base 2, what is -100010 + -10000?
-110010
In base 5, what is -3 + 310?
302
In base 15, what is 3 - b1?
-ad
In base 3, what is -1121 - -1221